 3).
46
Evaluate 7 + 1 - (22 - (-4 - -19)) - 41.
-40
-22 - -29 - (0 + -9 + 4 + (-2 - -2))
12
-11 - (-52 - (-29 + -1))
11
What is 75 - ((-48 - -19) + (36 - 1))?
69
(-36 - -23) + 16 + 90
93
Evaluate (51 - (41 + -39)) + -30.
19
What is the value of -5 + (-18 - (-26 - -16) - -45)?
32
What is (10 + 6 + -9 - 15) + -21 + -2 + 52?
21
Calculate -87 - (1 - 0) - (-49 + 34) - (1 - 0).
-74
Evaluate (-10 + 7 + (0 - -2) + 75 - -6) + -11.
69
What is (18 - (8 - -16) - (-3 + -37)) + 7?
41
Calculate -16 - (-8 + -35 - -10) - (96 - 0).
-79
What is the value of (21 - 9) + -12 + -91?
-91
Calculate 66 + (8 - -49 - 115).
8
Evaluate 20 - (-14 - -20 - ((3 - 6) + 6)) - -4.
21
What is -98 + (715 - 730 - ((-11 - -10) + (-4 - -1)))?
-109
24 + -23 - 4 - (-2 - 8)
7
(1 - (-1 + 10) - (3800 + -3797)) + 158
147
What is 9 - 2 - (-6 + -19 - -18 - -3) - 33?
-22
Evaluate (-28 - (3 - 0)) + (1 - 10) + 1 + 4.
-35
9 + -10 - 2 - (-82 - -17)
62
(-1 - 10) + -101 + (-1 - -86)
-27
30 + -32 - (-7 - -2) - (-21 - -30)
-6
What is 46 - 55 - (-75 + 1) - (-5 + 13 - 6)?
63
Calculate -7 - -1 - (-93 - (-169 + 120)).
38
What is the value of -2 - -6 - -8 - 6?
6
What is the value of -200 - -95 - (-4 + 0) - (23 - (4 - -7))?
-113
Evaluate 75 - (222 + -96) - 27.
-78
Calculate -8 + -59 + -7 + 14 + (10 + -16 - 0).
-66
Evaluate (-8 - -8) + 11 + (-9 + 38 - (-1 + 4)).
37
What is the value of 33 + (12 - ((9 + -14 - 2) + 11))?
41
What is -5 - (-15 + (-2 - (17 + -14)) + 71)?
-56
56 + -34 - 119 - -69
-28
Evaluate 58 + (51 + -24 - 35).
50
Evaluate -247 + 193 + 98 + -1.
43
Calculate (-1 - -12 - (44 - (-2 - -9))) + -10.
-36
What is -45 - ((28 - 29) + -37)?
-7
Evaluate -3 - (2 + 8 + (-29 - (3 - (10 + 14)))).
-5
Evaluate (53 - 18) + -63 + 24.
-4
What is the value of (42 - 14) + -4 + (4 - 29) - -14?
13
What is the value of (4 - (-4 + 12 - 3)) + -4 - -4 - 3?
-4
Evaluate -201 + 128 - (-26 + 9).
-56
Calculate (-1 + 17 + -2 - -4) + (369 - 415).
-28
What is (-8 + -4 - -3) + 50 + -54?
-13
2 - (2 + -2) - (-9 + 8 + 19)
-16
Evaluate (26 - 0) + 10 + -126 + 179.
89
(48 + -32 - -6 - (-10 + -3)) + 0
35
What is the value of -1 + 13 - (-93 + 51 + -10)?
64
What is the value of -20 - (-34 + (-71 - -46))?
39
10 + (69 - 68) + (-4 - 0) + 34 - -4
45
What is -3 + -4 - (-11 + (10 - 9) - 0)?
3
Evaluate -8 + 2 - (17 + 0 - (-32 - (-2 - 37))).
-16
49 - ((-5 - (23 - 57)) + -28)
48
What is the value of -28 + (28 - 49) - -72?
23
-39 - (-8 - (5 - (3 + -3)))
-26
Evaluate (41 - 6 - -7) + -97 + 92.
37
What is the value of 1 + (-12 - (-30 + 19) - -5) + (6 - 0)?
11
What is 28 + (50 - -2 - (136 + -112))?
56
Evaluate -13 + (2 + -1 + -1 - -15) - 53.
-51
What is the value of 24 - ((-26 - -68) + -116) - 40?
58
Evaluate -91 - (-3 - 2 - (-87 - -107)).
-66
What is 2210 - 2216 - (-77 + 4 + -3)?
70
What is 15 + (6 - 3 - 4) + (21 + -14 - -5)?
26
Calculate 18 - ((2 - 13) + -127 + 146) - 10.
0
What is (-12 - -69) + (-9 - 59)?
-11
What is the value of -7 - 57 - -133 - (-7 + 2 + 9)?
65
What is (187 - 181) + (-10 - (1 + (2 - 2)))?
-5
Evaluate -1 - -18 - (1462 - 1406 - (48 - 1)).
8
Evaluate -5684 - -5609 - (-1 + -44).
-30
What is -131 - -70 - (2 - 93)?
30
What is the value of (-29 - (15 + -15 + -7)) + 2 + 5?
-15
Calculate (-18 - 75) + 35 + 24 + (10 - -4).
-20
Evaluate (0 + -5 - (-85 + 79)) + -114 - (204 + -219).
-98
(-1 - -5) + -22 - (480 + -531)
33
What is 15 - (17 - -16) - -1 - -30?
13
Calculate (-3 - (3 + 15) - -15) + -4.
-10
Evaluate (20 - 126) + 3 + (25 - 11).
-89
What is -14 - ((3 - 9 - -44) + (-21 - -19))?
-50
What is 21 - (35 - 3) - -29?
18
-25 + 79 - 181 - 12
-139
Calculate 11468 + -11433 - (1 - (7 - 1)).
40
Calculate (-13 - -90) + -54 + 62.
85
What is the value of (54 - 1) + 1275 + -1305?
23
What is (-46 + 36 - 18) + 40?
12
Calculate 127 + -142 - (-50 + 8).
27
-10 - ((101 - 92) + (-33 - 6))
20
What is the value of (4 - (-1 + (10 - -1) - 5)) + 95 + -82?
12
What is the value of -1489 + 1518 + -102 + 1?
-72
What is the value of -7 + 54 + -21 - -8 - -4?
38
Evaluate -26 + (-3 - -2) - (50 - 57).
-20
Evaluate (-26 - -8) + 26 + (28 - 9).
27
Calculate -9 - (-1 + 4 + -18 + (-7 - -32)).
-19
Evaluate (6 + 3 + 3 - 0 - 33) + 6.
-15
Evaluate 13 - (-20 - (-18 + 9)) - 72.
-48
What is (25 - 27) + (-4 - (-2 + -11)) - 21?
-14
Calculate -15 + 11 + -7 + 6 - (23 - -15).
-43
Evaluate (-79 - -60) + -8 + 7 + -6 - (-1 - -9).
-34
209 - (37 - (113 - 187))
98
Evaluate (5 - 0 - (-3 + 2) - (-10609 + 10694)) + 11.
-68
Calculate -38 + 25 + 31 + (0 - -11).
29
Evaluate 40 + (-25 - (-18 + 41 + -39)).
31
What is the value of -26 + (75 - ((-4 - -14) + -17))?
56
What is the value of -18 + (0 - 6) + (-29 - -67) - -51?
65
What is -33 - (-93 + 94 - (-5 - -3 - (-3 + 1)))?
-34
What is the value of (-12484 - -12554) + -2 + (-7 - 2)?
59
What is the value of (-9 - (5 - (13 + 0))) + 2 - 9?
-8
Calculate (-1 - 68) + (11234 - 11126).
39
Evaluate (25 + -13 - 25 - (-19 + 21 - 10)) + 6.
1
What is the value of 6 - (-2 + ((1 - 8) + 16 - (2 - -4)))?
5
Calculate (8 - 13) + 28 + -5.
18
What is the value of 3 - (-42 + -47 + 31 - 0)?
61
(96 - 28 - 58) + -2 + -15 + 33 + 1
27
What is the value of (3 - 18 - -6) + (7 + -9 - -17) + -56?
-50
0 + 24 + 64 - (-2 + 0 - (14 - 18))
86
Evaluate -551 + 503 + 2 + 24.
-22
Evaluate 2 + -6 - (20 - -62 - 63).
-23
(-20 - (-32 + (-14 - -29 - 22))) + (-11 - -3)
11
(37 - (9 - 4) - -19) + -17
34
Evaluate 29 + -142 + (32 + -48 - -13).
-116
What is the value of (-15 - -24) + -32 + -4 - -6?
-21
What is the value of 41 + (21 - (-29 - -68))?
23
Calculate (-16 - 2) + 31 + -26 + 9.
-4
Evaluate 20 + (-15 + 10 + 4 + -12 - -12).
19
(-142 - -2) + 1 + 4 - (-20 + (-42 - -67))
-140
(8 - (-6 - -19 - 8)) + -16 - 1
-14
Calculate 64 + -17 + (-2 - -12) + -4 + 4 + -1.
56
5 + 0 + 11 + (31 + -9 - -2)
40
What is the value of 49 - 6 - (-15 - (-11 + 24))?
71
What is (22 - (24 + -19 + 35)) + -6?
-24
Evaluate (-30 - 35 - -79) + (-61 + 4 - 0).
-43
Calculate -2 + (-5 + 4 - 70) + 32 + (19 - 45).
-67
What is (-19 + 8 + -10 - (4 - 35)) + 64?
74
Evaluate 2 + (-36 - -17) + 3 + -2 + 21.
5
What is the value of (-3 - -1) + (11 - 3) + (-237 - -266)?
35
What is the value of 544 + -659 + (-6 - -11 - -25)?
-85
What is -1 + 6 + 4 + 9 + -18 + -2?
-2
Calculate (13 - -16) + (-35 - 16) - -49.
27
Calculate 8 - -37 - (2 - 5) - (26 + -17).
39
What is the value of (-9 - -2) + 4 + 16 + -24 + (17 - 7)?
-1
Evaluate 99 - ((124 - 93) + 103).
-35
What is (30 - (13 + 5)) + -12 - -43?
43
Evaluate -21 - ((-30 - 34) + -13).
56
Evaluate -5 + (-3 - -2) + (-17 - (39 + -8)) + -12.
-66
Evaluate -48 + 80 + 6 + -16.
22
What is the value of 88 - (-8 + -35 + 78) - -9?
62
Calculate 37 - 35 - -9 - (2 - -2) - (-2 + -14).
23
What is the value of -94 + (185 - 108) + -77?
-94
Calculate -6 - -21 - ((-14 - -118) + -97).
8
Calculate 11 + (-41 - (-32 - -18)) + 84.
68
Calculate -46 + (-4 + -31 - -47).
-34
What is the value of -22 + (52 - (18 + -11 - 22))?
45
Calculate -9 + 21 - 22 - (2 + 30).
-42
-12 + 18 + (15 - 22) + (-41 - 3) + 3
-42
What is -18 + -2 - (-5 - 24 - (-79 + 124))?
54
(-51 - (35 - -16)) + 35
-67
Calculate -24 - -1 - (105 + 28 + -175).
19
What is -48 - (67 - 9 - 135)?
29
What is the value of -16 - (-2 + 5 + -22) - (-35 + -3)?
41
Calculate -43 - (51 + -37 + -79).
22
Evaluate -11 - (16 + -20) - -11 - (82 + (8 - 4)).
-82
What is (100 - 106 - (-5 + 11)) + 6 + -5 + -90?
-101
16 - (121 + 0 - -2 - (-309 + 294))
-122
What is the value of 58 + 2 + 117 + (12 - 113)?
76
What is (4 - 6 - -5) + 0 - (-20 + 5)?
18
Evaluate -55 + 113 + 32 + -66.
24
Calculate -2 + (28 - 2) + -6 + 20.
38
What is 0 + -25 + 281 + -195 + -4?
57
What is the value of 25 + (-17 - 14 - -22 - -3)?
19
Evaluate -338 - -396 - (-4 - -3 - (-1 + -3)).
55
What is the value of (-3 - -102) + 2866 + -2902?
63
48 + (18 - 48) + -71
-53
Calculate -36 - (21 - 65) - (-6 + 11 + 5).
-2
What is -215 + (-27 + -28 - -157)?
-113
Calculate (-4073 - -4109) + (-2 + 4 + -24 - 3).
11
Evaluate 54 + (0 - 1) - (-58 + -20 + 35 + 52).
44
Evaluate 71 + (-2 - -6 - (25 + -9) - (32 + -43)).
70
(8 - 1) + 2 + 3 + -6 + (1 - 20)
-13
What is -1 + 45 + (42 - (20 - 27 - -62))?
31
What is the value of 315 + -326 - (-1 + 5 + -1 - -2)?
-16
What is the value of -5704 + 5656 + (7 - 1)?
-42
What is -5 - (-12 + (24 + -19 - -12) - (2 + -1))?
-9
What is (-10 - -23 - (12 - 12)) + 2 + (-3 - 0)?
12
Calculate -37 - 50 - -97 - 36.
-26
Evaluate 1 - (-41 - (